nder when 7 is divided by n.
2
What is the remainder when (-255)/(-2)*4/(-18)*-3 is divided by 23?
16
Suppose 0 = 4*k + 3*h - 32, 2*k = -k + 5*h + 53. What is the remainder when 41 is divided by k?
8
Let l(y) = -20*y**3 + y**2 - 2*y - 2. What is the remainder when 41 is divided by l(-1)?
20
Let t = 15 - 2. Calculate the remainder when 23 is divided by t.
10
Let s(n) = n**2 + 5*n - 5. Calculate the remainder when s(-8) is divided by (-57)/(-6) + (-2)/(-4).
9
Suppose -4*i + 158 = -18. Suppose -4*x = -6*x + i. Calculate the remainder when 87 is divided by x.
21
Let p be (-12)/18*(-4 + -2). Calculate the remainder when 55 is divided by (p - -17) + -2*1.
17
Suppose d - 2*c = -c - 5, 5 = c. Suppose d*z = 4*z - 32. Calculate the remainder when z is divided by 3.
2
Let y = 3 - 3. Suppose y*g - 3 = -g, 3*g = 3*k - 21. Calculate the remainder when 184/10 - 4/10 is divided by k.
8
Let z be (-4)/10 + 153/45. Suppose 0 = -3*t - 4*n + 18, -2*t + 14 - 2 = -z*n. What is the remainder when 9 is divided by t?
3
Suppose 0 = 4*a + 8*c - 3*c - 32, 8 = 2*c. Suppose 4*i = -a*u - 0*i + 9, -i - 15 = -5*u. Let f = -5 - -9. Calculate the remainder when f is divided by u.
1
Let m(c) = c**2 - 8*c + 8. Calculate the remainder when 66 is divided by m(9).
15
Let g be 2/(3/(-5) - -1). Suppose -4*m + 49 = 3*f, g*f + 35 = 3*m + 2*m. Let q = 7 - 3. Calculate the remainder when m is divided by q.
2
Let j(i) = i**2 + 8*i + 3. Let s be j(-7). Let u(z) = z**2 + 3*z + 5. Calculate the remainder when 16 is divided by u(s).
7
Suppose 0 = 18*x - 971 - 739. What is the remainder when x is divided by 48?
47
Suppose 3 = -d + 4. Let m = -16 - -18. What is the remainder when m is divided by d?
0
Let a(y) = -y**2 - 4*y - 9. Let l be a(-6). Let d = 34 + l. Calculate the remainder when 24 is divided by d.
11
Let p(h) = -h**3 + 9*h**2 - h + 7. Let o be p(9). Let g(l) = -10*l. Suppose -5*z = 13 - 48. Calculate the remainder when g(o) is divided by z.
6
Suppose 0 = 4*q + p - 19, -5*q - p - 2*p + 15 = 0. Let s = -13 + 13. Calculate the remainder when 45/5 + (s - -1) is divided by q.
4
Let f(w) = w + 1. Suppose 5*n + 29 = -2*s, -3*s + 2*s = 2*n + 12. Let u be (15 + 2/s)/2. What is the remainder when 22 is divided by f(u)?
6
Let u = -4 - -6. Suppose j - 34 = u*n, 0 = 2*j - 3*n + 6 - 79. Calculate the remainder when j is divided by 23.
21
Let x = -34 + 53. Suppose 0*d = 2*d - 4. What is the remainder when x is divided by (-42)/(-4) + (-1)/d?
9
Let b be 5/(-4)*(0 - 4). Let x(c) = c**2 - c + 4. What is the remainder when 70 is divided by x(b)?
22
Let x be -12 + 1 + (-18)/(-6). What is the remainder when 21 is divided by 258/24 - 2/x?
10
Let b(g) = -g**3 - 6*g**2 + 5. Let k = -2 + -4. Let f be b(k). Suppose -4*p - f*i + 52 = -13, -5*p + 70 = 4*i. Calculate the remainder when p is divided by 6.
4
Calculate the remainder when (3 + 0)/(11/143) is divided by 21.
18
Let x(v) = 4*v**2 + 10*v - 125. Let h(y) = -3*y**2 - 7*y + 83. Let n(g) = -7*h(g) - 5*x(g). What is the remainder when n(0) is divided by 15?
14
Suppose 68 - 208 = -4*m. Suppose 0 = 3*n + 3*l + 27, -4*n = 5*l + 4 + 37. What is the remainder when m is divided by (-2)/n*(20 - -4)?
11
Let l = -181 - -329. What is the remainder when l is divided by 30?
28
Suppose -5*d = -22 - 3. Suppose -3 = d*n + 2. Let c(k) = 13*k**2 + k + 1. What is the remainder when c(n) is divided by 5?
3
Let z = 42 - 102. Calculate the remainder when (z/16)/((-1)/4) is divided by 4.
3
Suppose 2*u = 2*v + 4, 0*u = 5*u + v - 16. Suppose u*k = -12, 3*m - 5 = -2*k - 4. Suppose 3*w - m = 15. Calculate the remainder when 17 is divided by w.
5
Suppose 0 = w - 0*w - 32. Let k = -19 + w. Suppose 0 = -5*v + v + 200. Calculate the remainder when v is divided by k.
11
Suppose 2*u - 141 = -23. Calculate the remainder when u is divided by 30.
29
What is the remainder when 3 is divided by 63/28 + (-1)/4?
1
Let q = 9 - 13. What is the remainder when (4/10)/(q/(-380)) is divided by 20?
18
Suppose 2*n = n. Suppose n = -0*d - 5*d + 20. What is the remainder when 6 is divided by d?
2
Let t = -9 + 29. What is the remainder when t is divided by 11?
9
Suppose 4*f = u + 42, -2*f + 0*u - 5*u + 10 = 0. What is the remainder when 19 is divided by f?
9
Let i = -147 - -274. What is the remainder when i is divided by 32?
31
Suppose -546 = 16*u - 29*u. What is the remainder when 125 is divided by u?
41
Let q = 13 + -8. Suppose 15*s - 70 = 10*s. Calculate the remainder when s is divided by q.
4
Suppose -5*d + 17 + 108 = 0. Let f be -2 + 22/(-2 + 3). Let h = 33 - f. Calculate the remainder when d is divided by h.
12
Let g = 21 - -4. Let k be (2/(-3))/((-2)/6). Suppose 0 = -n + y + 10, -2*n - k*y + 22 = -n. What is the remainder when g is divided by n?
11
Suppose 24 = 6*w - 3*w. Let n(y) = 2*y**2 + 2*y - 2. Calculate the remainder when n(4) is divided by w.
6
Suppose 3*k = -6*j + 2*j + 335, 0 = 2*j - 10. What is the remainder when k is divided by 10?
5
Suppose 0 = 3*m - 42 - 9. Let n be -18*(3 - (-11)/(-2)). Let h = n + -13. Calculate the remainder when h is divided by m.
15
Let u(i) = -i**2 - 13*i - 14. Let t = 22 + 7. Calculate the remainder when t is divided by u(-10).
13
Let v(h) = 10*h**2 + 4*h + 6. Suppose -k - 2*k - 3*m = -36, 0 = 3*k + 4*m - 35. What is the remainder when v(-2) is divided by k?
12
Let k(t) be the third derivative of t**5/60 + t**4/2 + 7*t**3/3 - 2*t**2. Let w(c) = c**3 + 6*c**2 + 2. What is the remainder when k(-11) is divided by w(-6)?
1
Suppose 3*j + 60 = -2*j. Let t = -6 - j. Let x = -102 - -106. Calculate the remainder when t is divided by x.
2
Let c = -18 - -20. Calculate the remainder when 3 is divided by c.
1
Suppose 420 = 6*w + 6*w. Let t(j) = j**3 - 3*j**2 - 4. Calculate the remainder when w is divided by t(4).
11
Let b(s) = -82*s**2 - 2*s - 1. Let k be b(-1). Let m(a) = 4*a - 3. What is the remainder when (1 + k/6)*-4 is divided by m(5)?
16
Let o be (3/(-6))/((-2)/(-84)). Let m = o - -24. Calculate the remainder when 11 is divided by m.
2
Let o(s) = 6*s**3 - 3*s**2 - 2*s - 6. Let v(c) = 5*c**3 - 2*c**2 - 2*c - 5. Let y(q) = 3*o(q) - 4*v(q). Calculate the remainder when 18 is divided by y(-2).
8
Calculate the remainder when 38 is divided by (-3 + 7)*(-14)/(-4).
10
Let p(w) = 3*w. What is the remainder when 42 is divided by p(6)?
6
Let n(c) = -64*c**2 - 2*c + 3. Let t(o) = -96*o**2 - 3*o + 4. Let g(y) = 7*n(y) - 5*t(y). What is the remainder when g(-1) is divided by 11?
10
Suppose u + 13 = 14. Let p = u + 6. Calculate the remainder when 32 is divided by p.
4
Suppose 2*c = -0*c + 84. Let a(g) = 5*g**2 + 3*g + 1. Calculate the remainder when c is divided by a(-2).
12
Suppose -5*r + 4*q = -19, -5*r - 4*q = -0*r - 51. What is the remainder when 474/r + 14/49 is divided by 23?
22
What is the remainder when (-8)/36 + (-74)/(-9) is divided by 6?
2
Let f(c) = 2*c**2 - 2*c - 6. Let p(w) = -w**3 + 4*w**2 + 7*w - 4. Let v be p(5). What is the remainder when f(v) is divided by 14?
12
Suppose b = y - 4*b - 3, 3*b - 5 = 4*y. Let k = y - -5. Suppose -4*g + 11 = k. Calculate the remainder when g is divided by 2.
0
Let o = 5 + 4. Suppose -3*d + 7 = -2. What is the remainder when (3 - d - 3) + 28 is divided by o?
7
Suppose 3*b = -5*u + 261, -u + 5*b + 16 = -25. What is the remainder when u is divided by 5?
1
What is the remainder when 1 is divided by ((-9)/(-6))/3*4/2?
0
Let t be ((-6)/(-8))/(8/1120). Suppose 0 = 5*r - 0*h - 3*h - 111, t = 5*r - 5*h. Calculate the remainder when 46 is divided by r.
22
Let s = 39 - 3. What is the remainder when 68 is divided by s?
32
Let y(d) = 20*d**3 - d. Let z(b) = -5*b - 13. Let j(x) = x + 3. Let n be j(-7). What is the remainder when y(1) is divided by z(n)?
5
Suppose -4*y - 2 = j + 1, 0 = -2*j - 4*y + 2. Suppose 7 = 3*n - j. What is the remainder when n/((6/(-7))/(-3)) is divided by 5?
4
Suppose 0 = -4*m + 3*q, 4*q = -2*m + 6 + 16. Calculate the remainder when 13 is divided by m.
1
Let s(q) = q**2 - 2*q + 1. Let j be s(4). Suppose j = 4*a + 1. Let g = 7 - 4. Calculate the remainder when g is divided by a.
1
Suppose k + 0 = 9. What is the remainder when 33 is divided by k?
6
Suppose -3*b - 6 - 9 = 5*l, 0 = -2*b + 2*l + 6. Calculate the remainder when 97 is divided by 25 - b/(2 - -2).
22
Let k = 145 + -58. What is the remainder when k is divided by 44?
43